2 - r. Let d be c(3). Let t be 16/d*(-6)/(-4). Let p be (t/(-12))/((-2)/6). What is the highest common factor of p and 2?
1
Let a be 13/(-26)*(-3)/((-15)/(-9310)). What is the greatest common divisor of 98 and a?
49
Suppose t - 528 = -2*a - 56, -4*t - 932 = -4*a. What is the highest common factor of 517 and a?
47
Suppose 3*l - l - 208 = 5*q, 0 = -3*l - 2*q + 293. Let s = -19 - -28. Suppose -5*g = -s - 36. What is the greatest common factor of l and g?
9
Let d be 1*(-14 + (-3 - -7)). Let m = 56 + d. Calculate the highest common divisor of m and 69.
23
Let h(s) be the third derivative of -5*s**6/24 - s**5/30 - s**4/24 - 10*s**2. Let c be h(-1). Calculate the highest common divisor of 12 and c.
12
Let s be 846/63 - ((-16)/(-14))/(-2). What is the greatest common factor of 4 and s?
2
Let g be 30/40*4/3. Suppose 0 = -2*s - 5*b - 8, -g + 4 = -5*s - 4*b. Calculate the greatest common factor of s and 7.
1
Let n(c) = -227*c - 868. Let x be n(-4). Let j(t) = 2*t**2 - t + 2. Let k be j(4). What is the highest common divisor of k and x?
10
Let k be (-1 + 1)/(-23 + 22). Suppose k = -4*y - n + 52 - 8, 3*y - 16 = -5*n. What is the highest common factor of y and 192?
12
Let u = -457 - -541. What is the highest common divisor of 378 and u?
42
Let z(x) = 70*x**2 - x - 1. Suppose 0 = 5*k + 2*p - 4 + 7, -k - 3 = -2*p. Let h be z(k). Let o = 2 + 8. What is the greatest common factor of o and h?
10
Let n be (27 + -9)/3 - -66. Calculate the greatest common divisor of n and 136.
8
Suppose 2*r = -0*i + i + 43, 3*i = 5*r - 130. Let w be i/4*9/((-81)/24). What is the highest common factor of 12 and w?
6
Let z = 9 + -5. Suppose -15 = 5*i, -r = 2*r - z*i - 444. Let q = r - 79. Calculate the greatest common factor of q and 26.
13
Suppose -4*a + 5*l + 258 = 0, -l - 189 = -2*a - 57. Suppose 5*k = 6*r - r + 120, -a = -3*k + 4*r. What is the highest common divisor of k and 203?
29
Let j(m) be the second derivative of 1/2*m**2 - 1/6*m**4 - 23/10*m**5 + 2*m + 0 + 0*m**3. Let v be j(-1). Calculate the highest common factor of 5 and v.
5
Let o = 699 + 926. Calculate the greatest common factor of 65 and o.
65
Let u(f) = 17*f**3 + 1. Let l be u(1). Suppose t - 4*o = 12, -t - o - 2*o - 9 = 0. Let d be 1 + t + (12 - 1). Calculate the greatest common divisor of l and d.
6
Suppose -5*k + 45 = -d, 5*k - 5*d = 54 - 9. What is the highest common divisor of k and 336?
3
Let y(p) = 2*p + 6. Let g be y(-8). Let z = g - -15. Suppose -j + 2 = -z. What is the highest common divisor of j and 21?
7
Let f = -30 - -74. Let c = -47 + 60. Let h = -2 + c. What is the greatest common divisor of h and f?
11
Let b = -325 + 472. Calculate the greatest common factor of b and 105.
21
Let o(h) = -5*h**3 + h + 2. Let c be o(3). Let x = c - -140. Calculate the highest common factor of x and 6.
2
Suppose 3*k = 43 + 5. Suppose -d + 6*d = -15. Let h be 14 - (3 + d - 2). Calculate the greatest common factor of h and k.
16
Let d = 301 + -297. Calculate the highest common factor of 14 and d.
2
Let r(b) = b - 1. Let s be r(3). Let o be s*1 - (-228)/12. Calculate the greatest common divisor of o and 147.
21
Suppose -18*a - 467 = -4*s - 15*a, 4*s - 470 = 2*a. Calculate the greatest common divisor of s and 6307.
119
Suppose 3*j + 3 = 0, -5*v = -22*j + 27*j - 300. Calculate the highest common factor of v and 976.
61
Suppose 7 - 5 = h. What is the greatest common divisor of 6 and h?
2
Suppose -5*m = y + 24, 18 + 6 = -y + 3*m. Let n = -34 - y. Let h be (n/3)/(10/(-45)). What is the highest common divisor of h and 150?
15
Suppose -166*v + 176*v - 35300 = 0. What is the greatest common divisor of v and 10?
10
Let p(i) = 4*i**2 + 177*i - 1176. Let h be p(6). Let v be 89/3 + (-1)/(-3). Calculate the highest common factor of v and h.
30
Let p = 8 + 37. Suppose 2*h + h - 4*i + 10 = 0, 5*h - 6 = i. Let q be (-30)/((-7)/(14/4))*h. What is the greatest common divisor of p and q?
15
Suppose -3*p + 520 = 2*n - 0*n, -3*p = n - 518. Calculate the greatest common factor of 43 and p.
43
Let v(n) = n**2 - 9*n - 53. Let t be v(13). Let f be ((-31)/2)/(1/2)*t. What is the greatest common divisor of f and 31?
31
Suppose 3*h + 27 = 2*x, 2*x + 5*h = 3*x - 31. Let q be (10/x)/(652/648 + -1). What is the greatest common factor of 30 and q?
30
Suppose 48 = 2*r + 10*r. Let y(l) = l**3 - 5*l**2 + 5*l. Let d be y(4). Suppose -r*j = d, -5*x + j + 77 = -j. What is the greatest common factor of 15 and x?
15
Let r = 213 - 31. Let h(i) = 24*i**3 + i**2 + 2*i - 1. Suppose o = 4*d - 9, 2*d + 2*o + 6 = -2*d. Let x be h(d). What is the highest common factor of r and x?
26
Let a = -147 + 255. What is the greatest common factor of a and 1944?
108
Suppose 16*w = 11*w - 35. Let n be w - 105/(-14) - (-158)/4. What is the highest common divisor of 40 and n?
40
Let c = 25 + -45. Let x be (-73)/(-4) + ((-55)/c - 3). Calculate the highest common factor of 18 and x.
18
Suppose -3*b = -5*h - 73, -3*h + 27 = b - 2*h. Let n be (-2)/(-4)*3*(-182)/(-7). Calculate the highest common divisor of b and n.
13
Let s(g) = 2*g**2 - 3*g - 7. Let l be s(-5). Let k = l + -28. Let m = -29 + k. What is the highest common factor of m and 1?
1
Let g(f) = f + 76. Let c be g(-8). Suppose 3*v + 4*s = 0, 2*v - 3 = 5*v + 5*s. Calculate the greatest common divisor of v and c.
4
Let c be 10/1*1/2. Suppose a = 2*a - 2*x - 65, 0 = -4*a + c*x + 248. Calculate the greatest common factor of 19 and a.
19
Let h(w) = w**2 + w + 3. Suppose 0 = -y + p + 3, 4*p = -3*y - 3 - 9. Let v be h(y). What is the greatest common factor of 33 and v?
3
Let f(j) = 96*j**2 + 2*j - 2. Let u be f(1). What is the highest common divisor of u and 108?
12
Let d be (328/(-2))/(11/132*-2). Calculate the highest common factor of d and 41.
41
Let z(m) = m**2 - 13. Let u be z(4). Let b be (u/4)/(-1 - 45/(-40)). Calculate the highest common factor of 3 and b.
3
Let r = -930 + 953. Calculate the greatest common factor of r and 5.
1
Suppose 0 = 4*s - 175 + 823. Let g = 290 + s. Calculate the greatest common factor of g and 16.
16
Suppose -2*o + 6 = r, -4*r - 5*o = -8 - 10. Let t(m) = m**2 + 1. Let d be t(r). Suppose j = d*j - 140. What is the greatest common divisor of 5 and j?
5
Let a(t) = 4*t**3 + 3*t**2 - 4*t + 4. Suppose 2 = -3*l + 2*o - 2, -5*o + 17 = -4*l. Let h be a(l). Calculate the greatest common divisor of h and 8.
8
Suppose 4*z - 136 = -d - 16, 0 = -2*d. Calculate the highest common divisor of 40 and z.
10
Suppose -31 = -2*j + 2*s - 7*s, 0 = -5*j + s + 64. Suppose -4*l + 418 = 54. Calculate the highest common factor of l and j.
13
Let x be (110/(-6))/(17 - 676/39). What is the greatest common factor of x and 2035?
55
Let s(f) = f - 1. Let j be s(3). Suppose 2*n - 4 = -4*q, -j*n + 3*n - q - 5 = 0. Let r be n/10 - (-1359)/15. What is the highest common factor of 13 and r?
13
Suppose 2*y - u = -3*u + 268, -4 = -2*u. Calculate the highest common divisor of y and 12.
12
Suppose 33*r - 69*r + 252 = 0. What is the highest common factor of 77 and r?
7
Let y be -1 + 204 + 0 + 1 + 3. Calculate the greatest common factor of y and 46.
23
Let n(f) = 16*f**2 + 13*f + 26. Let y be n(-3). What is the greatest common factor of 2227 and y?
131
Suppose 5*l - l + 5*z + 4 = 0, 3*z = 4*l - 28. Suppose 62 = 2*k + 4*p, -122 = -l*k - 4*p - 14. Calculate the highest common factor of k and 69.
23
Let g(o) = 3*o - 15. Let j be g(7). Let m be (16 - 8)*j/4. Calculate the greatest common divisor of 54 and m.
6
Let p(h) = -5*h**2 + 61*h - 13. Let y(r) = 3*r**2 - 41*r + 9. Let o(v) = 5*p(v) + 8*y(v). Let i be o(-23). Calculate the greatest common divisor of i and 1.
1
Suppose -6*f + 15*f = 2475. Calculate the highest common divisor of 165 and f.
55
Let d(y) = 13*y**2 - 3 - 150*y**3 - 3*y - y + 151*y**3. Let j be d(-6). What is the greatest common divisor of j and 39?
39
Suppose -y - p + 22 = 0, -5*p = -2*y - 0*p + 23. Suppose 2*j - 5 = -29. Let t = j - -31. What is the highest common factor of t and y?
19
Let q be 1*-127*(3 - 5) - 4. Calculate the greatest common factor of q and 50.
50
Let c = 1392 - 754. Calculate the highest common divisor of 29 and c.
29
Let i be 2 + (-2 - -1*8). Suppose -3*w - 80 = -i*w. Let l be -30 + 111 + 1 + -2. What is the greatest common divisor of l and w?
16
Suppose 0 = o - 5*o - 24. Let q = o - -10. Let a = 4 + q. Calcu